
False
Suppose -24296 = -33*q + 29*q. Is q a composite number?
True
Let v(q) = 4*q - 1. Suppose 5*c = 2*c + 3. Let p be v(c). Suppose 0 = -p*k + 23 + 34. Is k a prime number?
True
Is ((-37)/(-4))/(2 + (-4650)/2328) prime?
False
Suppose -2 + 17 = 5*i. Suppose -t - i*w - 95 + 1423 = 0, t - 2*w = 1303. Is t a composite number?
True
Suppose -3*f - 2*f = -3*y + 16, -5*f = -2*y + 14. Let a(i) = -6*i - 16*i**3 + 5*i - 3*i**2 - 2*i - 3 - i**3. Is a(f) a composite number?
False
Suppose 9120 = 3*p - 5*v, 0 = -2*p + 8*v - 4*v + 6082. Is p composite?
True
Let l(n) = -2*n**2 + 257. Suppose v - 3*o = -o + 8, -5*o - 15 = 0. Suppose 3*p = v*p. Is l(p) prime?
True
Suppose t - 2*f = -t + 4650, -3*f = -5*t + 11619. Let z = 1315 - t. Let y = 48 - z. Is y a prime number?
False
Suppose -14*u - q = -10*u - 14355, q + 1 = 0. Is u a prime number?
False
Let f = 15520 + -8301. Is f composite?
False
Suppose -8*w - 2 = 6. Let q(t) = -980*t - 3. Is q(w) a prime number?
True
Let l = 12827 - 6421. Is l prime?
False
Let i(q) = 4*q + 6*q**2 - 1 - 3*q - 3. Let m be i(-3). Suppose -31 - m = -2*a. Is a composite?
True
Let u = -3290 - 2340. Let d = -769 - u. Is d a composite number?
False
Let p(q) = -642*q**3 - 2*q**2 - 25*q - 71. Is p(-6) a prime number?
True
Let a be (-1)/(-4) - (-88)/32. Suppose -r - 8 = r, -4*j - a*r - 16 = 0. Is 3 + 52*(2 + j) a prime number?
False
Suppose 77*f = 71*f + 39354. Is f a prime number?
False
Let y(k) = -k**2 - 9*k + 2. Let z be y(7). Suppose -481 = -3*q - 4*a, 0 = 4*q - 4*a - 220 - 440. Let j = q + z. Is j a prime number?
True
Suppose 11*f - 331 = 2*v + 10*f, 3*v + 509 = -f. Let i(x) = -x**2 - 5*x + 7. Let l be i(6). Let w = l - v. Is w composite?
False
Suppose 14*k - 63*k = -544537. Is k a composite number?
False
Suppose q + 618 = 4*q. Suppose 5*r - 736 = -q. Suppose 2*p + 0*p = r. Is p composite?
False
Is 10637/3 + 0 + (-162)/243 a composite number?
True
Suppose -2*y = 5*w - 10786, -3*y + 33*w - 28*w = -16229. Is y composite?
True
Let n(f) = f**2 + f - 1. Let g(w) = 6*w**2 + 6*w + 24. Let v(x) = g(x) - 5*n(x). Is v(-20) a composite number?
False
Let a(x) = 4*x**3 + 1. Let k = 7 + -6. Let d be a(k). Suppose -225 - 220 = -d*s. Is s prime?
True
Suppose -24 + 4 = -5*t. Suppose -t*v + 106 = -202. Is v composite?
True
Let c(p) = p**2 + 3*p - 7. Let j be c(-5). Suppose 3*d - 5*d - 2*n + 146 = 0, 0 = 2*d + j*n - 142. Is d prime?
False
Suppose 0 = 4*t - 7524 - 7208. Is t composite?
True
Let z = 41 + -29. Let g = z + -12. Suppose -w + 5*b + 320 = -g*b, -5*w + 3*b = -1666. Is w a composite number?
True
Suppose 5*o - 3052 = 5*c - c, -1828 = -3*o + 4*c. Let b = o - 121. Is b a composite number?
False
Let z(r) = 1224*r + 7. Is z(4) a composite number?
False
Let k(b) = -2 + 4 - 4 + 7*b + 4. Let f be k(-2). Is 4/24 + (-922)/f a composite number?
True
Suppose 2*n - 22 = 4*u, -4 = -u + 2*u - n. Let v(c) = -72*c + 4 + 0 + 3. Is v(u) prime?
False
Suppose 91 = 3*u - 5*j, 0*j = -5*j - 25. Let a be u/8 + (-2)/(-8). Is (a + 0 - 0) + 0 composite?
False
Let p = 2 + -3. Let s = p + 3. Suppose -76 = -2*q - s*q. Is q prime?
True
Is (293912/(-4))/(28/(-14)) composite?
False
Let y(v) = -v**3 + 5*v**2 + 2*v - 4. Let t be y(5). Suppose q + 2*q = -t. Let h(b) = 2*b**2 - 3*b - 3. Is h(q) a composite number?
False
Suppose -c - 20 = -5*c. Suppose -4*r = -c*r + 30. Let x = 51 - r. Is x a composite number?
True
Let f be 477 - 7/(21/6). Suppose 0 = -0*v - 5*v + f. Suppose -2*u - 3*u + v = 0. Is u a prime number?
True
Suppose 0 = -3*j + j - 2. Let b(f) = -f - 1. Let t(l) = l**2 - 6*l + 12. Let w(g) = j*t(g) - 3*b(g). Is w(6) composite?
True
Let l(p) = 331*p + 1. Suppose 5*z - 57 = 43. Let d = z + -14. Is l(d) prime?
True
Suppose 4*o + 32 = -0*o. Let g(t) = 29*t - 52*t + 9 + 16. Is g(o) a prime number?
False
Let g(n) = n**2 + 3*n. Let z be g(-4). Suppose 0 = -s + 4, s + 11056 = m + z*m. Suppose v = -3*v + m. Is v a composite number?
True
Let v = -3 + 1. Let h be 0 + v + 2 - 2. Is h + (-1475)/(-3 + -2) a composite number?
False
Let x be (-18119)/(-5) - (-144)/(-180). Suppose -x - 63092 = -11*l. Is l prime?
False
Suppose -639 = -3*g - 5*t, -g - g + 442 = -2*t. Let q(s) = -90*s + 47. Let v be q(-6). Suppose -3*y - g = -v. Is y composite?
True
Let d(i) = i + 2. Suppose 5*l + 0*t = t + 3, 0 = 3*l - 4*t - 12. Let f be d(l). Suppose -5*v + 394 = -5*r - 356, -3*r - 301 = -f*v. Is v a prime number?
True
Suppose c = -3*c - 4. Let g be 91/39 - c/(-3). Suppose 0 = 4*z + 2*y - 26 - 30, -79 = -5*z + g*y. Is z prime?
False
Is (-8)/(-68) - ((-597508)/68 + 8) composite?
False
Let z = -14 + 14. Let j = 5 - z. Suppose 3*i = j*i - 66. Is i a prime number?
False
Let s = -5566 + 8393. Is s a prime number?
False
Let z be (-1)/2*(-14 + -8). Let g(m) be the second derivative of 2*m**3/3 + 15*m**2/2 + 5*m. Is g(z) a composite number?
False
Let r(o) = 13*o + 5. Let g(p) = -p**3 + 13*p**2 + 6. Let t = 30 - 17. Let n be g(t). Is r(n) a prime number?
True
Suppose 492*w - 493*w + 6421 = 0. Is w prime?
True
Let r = -110 + 211. Let s = r - 42. Is s a prime number?
True
Suppose 4*j + 5*w = 11, 4*j + 5*w = 4*w + 15. Let x be ((-753)/j)/(-3)*4. Suppose 3*z + x = 2*m, -4*m + z = -0*z - 527. Is m a prime number?
False
Suppose 0 = 4*m - 5*y + 55, -4*y - 23 + 5 = 3*m. Let p be ((-8)/m)/(1/5). Suppose -4*o + 2*i + 1060 = 0, -p*i - 251 = -0*o - o. Is o composite?
True
Suppose -5*b - 176 + 851 = 0. Suppose -h + s = -1536 + b, 2800 = 2*h - s. Is h prime?
True
Let l = 47 - 45. Is 691 + -3 + 6*1/l a composite number?
False
Let h(v) = -18*v + 1. Let j(n) = n. Let z(f) = -h(f) - 6*j(f). Is z(7) a prime number?
True
Let f be ((-161)/(-28) - 1/(-4)) + -3. Suppose 3*a - 3243 = w, -f*w - 3770 - 554 = -4*a. Is a composite?
True
Suppose 0 = -v - 3*r + 1308, 3*v - 3064 - 930 = 5*r. Suppose v + 139 = 5*y + 3*m, 0 = 2*y - 4*m - 590. Is y a composite number?
False
Let u be 267/(-3)*(-10)/(-5). Let o = 283 + u. Suppose -17*t + 22*t = o. Is t composite?
True
Let x(b) = -9*b**2 + 5*b - 6. Let y(s) = 26*s**2 - 14*s + 17. Let q(g) = 17*x(g) + 6*y(g). Let z = 0 - 1. Is q(z) a prime number?
True
Let z = 2 - -1. Suppose 9*g + 378 = -9*g. Is z*-701*7/g a prime number?
True
Let x(m) = 7*m**2 + 14*m + 29. Is x(-14) a composite number?
True
Suppose -5*b - 17 = 3*d, -4*d - d = 3*b + 7. Is ((-4)/(-3))/b*-1257 composite?
False
Let p = -4318 - 11649. Is (p/(-14) - 5)*(0 + 2) composite?
True
Is (-21 - -16)*((-132339)/15 - 0) prime?
False
Suppose q - 2*q + 4 = 0. Suppose -4002 - 323 = -5*x. Suppose -5*h + q*r + x = 218, 4*r = -4*h + 496. Is h prime?
True
Is (15 - 5 - 9)/(2/69022) prime?
True
Let o be 7*(-7)/((-245)/10). Is o/7 + 89274/14 a prime number?
False
Suppose 4*i = -13 + 5. Let v(k) = -k + 77. Let o(m) = -3*m + 230. Let f(c) = i*o(c) + 7*v(c). Is f(0) a composite number?
False
Suppose 2*d + 0*d - 2*u = 992, 4*d + u = 1969. Let f = d + -122. Is f prime?
False
Let b = -4374 - -2955. Let i = b - -2936. Is i a prime number?
False
Let l(d) = 11 - 1598*d - 33 + 1481*d. Is l(-3) a composite number?
True
Let b(i) = 2*i**2 + 24*i + 19. Let p be b(-11). Let h(u) = -53*u**3 - 3*u**2 - 5. Is h(p) composite?
False
Suppose -43*d = -33*d - 3280. Suppose -804 = -0*t + 4*t. Let c = t + d. Is c a prime number?
True
Let s = -30 - -34. Suppose 0*o + 2031 = s*k + 5*o, -5*o = 2*k - 1013. Is k a composite number?
False
Suppose 5094 = -0*t + 3*t. Let i(r) = -16*r - 2. Let b be i(-1). Is (-4)/b - t/(-14) a composite number?
True
Let q(i) = -6*i**2 - 3*i + 16. Let w(p) = 6*p**2 + 2*p - 17. Let g(j) = -6*q(j) - 5*w(j). Is g(14) prime?
True
Suppose -5*h + 3*z + 4407 = -2393, 5437 = 4*h - 3*z. Is h prime?
False
Let q(j) = 97*j**3 - 3*j + 2. Let s be q(2). Suppose 149 + s = 3*m. Is m prime?
True
Let j(r) = r**2 - 7*r - 44. Let u be j(11). Let a be 246*((-1 - -2) + 0). Suppose s - 4*s + a = u. Is s prime?
False
Let x(k) = 677*k**2 + 30*k - 130. Is x(5) composite?
True
Suppose 11*p = 168840 + 22307. Is p prime?
True
Suppose 4*i + 22 + 2 = 0. Let o be (-323)/1*(i + 5). Suppose 0*s + s = o. Is s prime?
False
Let c = -1264 - -2625. Is c a prime number?
True
Let z be (-2)/7 - (-1020)/42. Is 16/z + (-1821)/(-9) composite?
True
Let d be -4*3*4/(-48). Is 0 + d/((-3)/(-501)) prime?
True
Let g(o) be the second derivative of -15*o**3/2 - o**2 - 2*o. Suppose 0 = 2*j - 4*v + 26, -2*j + 2 = 2